4*p - 8. Suppose 0 = -z + 4, 3*f - p*z - 3 = 10. List the prime factors of f.
11
Let p = 22 - -40. List the prime factors of p.
2, 31
Suppose -4*h + 0 + 44 = 0. List the prime factors of h.
11
Suppose -5*w + 32 = -3. Let k(r) = -r**3 + 6*r**2 + 8*r - 4. List the prime factors of k(w).
3
Suppose 5*w + 4*y - 532 = 0, -2*w = -7*w + 4*y + 508. What are the prime factors of w?
2, 13
Suppose 2*i = -1 + 11, -3*o + 626 = 4*i. What are the prime factors of o?
2, 101
Let q = -6 - -6. Suppose -u - 4*u = p - 3, -3*p + 5*u + 9 = q. What are the prime factors of p?
3
Let t(o) = 6*o**2 - 4*o - 10. Let x(n) = 5*n**2 - 3*n - 10. Let l(z) = 4*t(z) - 5*x(z). What are the prime factors of l(0)?
2, 5
Let l be 2/(-9) - 238/(-18). Let h(w) = w**3 - 10*w**2 + 10*w - 6. Let x be h(9). Let a = l - x. List the prime factors of a.
2, 5
Suppose -5*c = -7*c - 20. Let n(u) = -u - 1. List the prime factors of n(c).
3
Let t(a) = -5*a**2 - 1. Let o be t(1). Let g = 9 + o. List the prime factors of 12 - 0*(-1)/g.
2, 3
Suppose 3*h = -h + 84. List the prime factors of h.
3, 7
What are the prime factors of 3008/10 - (0 - 2/10)?
7, 43
Let m = 27 - 9. What are the prime factors of m?
2, 3
List the prime factors of (0 + -6)/((108/40)/(-9)).
2, 5
Let m(d) = d + 1. Let q be m(1). Suppose q*s = 4*y - 2, s + 3*y - 1 = 13. What are the prime factors of s?
5
Suppose 0 = 2*l - 5*t - 0 - 4, -2*l - 3*t = -4. What are the prime factors of 5 - 2 - (l + -3)?
2
Let z(j) = j**3 + j**2 - 3*j - 1. Let g be z(-3). Let f = 24 + g. List the prime factors of f.
2, 7
Let m(s) = -3*s**2 + 4*s - 4. Let w be m(5). Let a = -36 - w. What are the prime factors of a?
23
Let q(c) be the first derivative of c**4/4 + c**3/3 + c**2/2 + 7*c + 2. List the prime factors of q(0).
7
Let d = -7 + 7. List the prime factors of 4/((1 + d)/1).
2
Let h(x) = -8*x**3 + x**2. Let u = 16 - 17. What are the prime factors of h(u)?
3
Suppose 5*l + 2*o - 29 = 0, -l = 3*o - 5*o - 1. Let v(h) = h**3 - 5*h**2 + 7*h. List the prime factors of v(l).
5, 7
Let m be 6/(-27) - (-8)/36. Suppose m = 2*i + 12 - 80. What are the prime factors of i?
2, 17
Suppose 0 = 5*x - 8*x + 453. List the prime factors of x.
151
Suppose -5*w - 2*g + 14 = 0, -2*w + 4*w = -2*g + 2. Suppose 2*h = 4*k + 36, w*h = 5*h - 4*k - 28. What are the prime factors of h?
2
Let j(u) = -2*u**2. Let v be j(-2). Let n(m) = 2*m**2 + 22*m + 24. Let t(f) = -f**2 - 11*f - 12. Let g(s) = -6*n(s) - 11*t(s). List the prime factors of g(v).
2, 3
List the prime factors of 6/21 - ((-243)/7 - 1).
2, 3
Let o(j) = -6*j + 26 - 26 - j**2. Let a be o(-5). Suppose -m + 5*y + 35 = 0, 0 = -4*m + a*y + 140 - 45. What are the prime factors of m?
2, 5
Let w = 2 + 0. Let y be 8/(-12) + w/3. Suppose y = -h - 2, 17 = 2*q - 3*h - 9. List the prime factors of q.
2, 5
Suppose -3 - 129 = -4*n. What are the prime factors of n?
3, 11
Suppose -178 = 12*o - 1510. What are the prime factors of o?
3, 37
Let t = -10 + 6. Let o be (t/10)/((-3)/(-15)). List the prime factors of ((-28)/6)/(o/6).
2, 7
Suppose 9 + 7 = 4*q. Suppose -w = -3 - 2. Suppose -5*a - 3 = w*c - 38, -q*a = -4*c - 36. What are the prime factors of a?
2
Let o(n) = -n**2 + 20*n - 24. What are the prime factors of o(18)?
2, 3
What are the prime factors of 12/28 - (-3330)/21?
3, 53
Let d be 5*5/(5/(-8)). Let s = -27 - d. Suppose 4*g - 20 = -w, 4*g - s - 23 = -5*w. List the prime factors of w.
2
Suppose -t = -8 + 2. Suppose -d + 0*d = -2. Suppose -t = -d*g + 8. What are the prime factors of g?
7
Suppose -5*l = 2*t - 1485, 3*l + l - 1190 = -2*t. Let v = l + -169. List the prime factors of (v/(-35))/(6/(-20)).
2, 3
Let h = 281 - 158. What are the prime factors of h?
3, 41
Let j = 4 + 0. Suppose -j*s + a = -10, -2*s + 0*s + 4*a + 12 = 0. What are the prime factors of s?
2
Suppose -o + 1 + 3 = 0. Suppose -2*p + 36 = -r, o*p = 3*p + 3*r + 23. What are the prime factors of p?
17
Let i be 2/12 - 5/30. Suppose -l + 4*t = -2 - 32, i = 3*l - t - 146. List the prime factors of l.
2, 5
Let o be ((-12)/2)/((-3)/(-2)). Let g = o + 8. What are the prime factors of g?
2
Suppose 58 + 29 = 3*q. What are the prime factors of q?
29
Suppose -y + 6*o = 2*o - 8, -4 = -2*o. Suppose q - 41 = -10*r + 5*r, -y = -4*r. List the prime factors of q.
3, 7
Let q(k) = -2*k**3 - 3*k**2 + 11*k + 6. List the prime factors of q(-4).
2, 3, 7
Let p(x) = -x**2 + 7*x - 9 + 0 + 2. What are the prime factors of p(5)?
3
Suppose -37 = -4*r + 27. Let p = 20 + -9. Let s = r - p. What are the prime factors of s?
5
Let t(j) = j**2 - 7. Let x be t(-5). What are the prime factors of 4/(-6) - (-264)/x?
2, 7
Let y be 12/(-3 - (-9)/2). Let o(a) = a**2 - 7*a + 10. List the prime factors of o(y).
2, 3
List the prime factors of (-16)/(-8)*(-621)/(-6).
3, 23
Let s be ((-8)/(-5))/(2/10). Suppose 5*c = 4*d + 26, 6*d + 18 = -c + d. Suppose -5*f + 7 + 6 = -c*r, -4*f = -4*r - s. What are the prime factors of f?
3
What are the prime factors of 1/4 + 4/(64/1292)?
3
Let t(j) = j**3 - 10*j**2 + 3*j + 2. Let s be t(4). Let q = s - -121. What are the prime factors of q?
3, 13
Suppose 4*x - p - 83 = -0*x, -100 = -5*x + 2*p. Let z = 16 - x. List the prime factors of (-28)/z*36/14.
2, 3
Let j be -3 - -3 - 1 - -2. Let a(i) = 6*i**3 + 1 + 2*i**3 - 2*i**2 + 2*i**3. List the prime factors of a(j).
3
Let s(r) = 2*r - 1. Let p be s(2). Let v(x) = 9*x**3 + x**2 + 2*x + 7. Let m(z) = 4*z**3 + z + 3. Let a(o) = p*v(o) - 7*m(o). List the prime factors of a(2).
2
Suppose 0 = -4*n + 4. Suppose n = -5*y - 2*j, y + 3*j - j + 5 = 0. Let k = 6 - y. What are the prime factors of k?
5
Let r = 1 - -1. Suppose -2*x = r*y + 4, 5*y + 0*y - 40 = 5*x. What are the prime factors of y?
3
Let r(z) = 3*z**2 - 3*z + 5. List the prime factors of r(4).
41
Let j = 4 + 30. What are the prime factors of j?
2, 17
Let x be 2 - (4 + -2 - 80). Suppose 5*r + 0 = 5*q - x, -4*q + 49 = -r. List the prime factors of q.
11
Let d be (-12)/(-2)*6/12. Suppose d*t = 92 + 31. What are the prime factors of t?
41
Suppose -q = 4, 5*q + 115 = 2*f - 141. What are the prime factors of f?
2, 59
What are the prime factors of 1*(-1 - -3 - 0)?
2
Suppose 4*o + o = -2*n + 116, 4*o - 92 = -2*n. Let p = -18 + o. What are the prime factors of p?
2, 3
Let b(o) = 16*o**2 + 5*o + 1. List the prime factors of b(2).
3, 5
Let k(z) = -z**2 - 3*z. What are the prime factors of k(-2)?
2
Suppose -4*o = -3*x - 2*x + 20, -3*x = -3*o - 9. What are the prime factors of x?
2
Suppose l + l = 44. Suppose 4*q = 2*q + l. List the prime factors of q.
11
Let u = 13 - 13. Suppose u*z - 129 = -3*z. List the prime factors of z.
43
Let a = -193 + 420. List the prime factors of a.
227
Let d(c) be the second derivative of c**4/6 - 2*c**3/3 - 17*c**2/2 + 2*c. What are the prime factors of d(7)?
53
Let j(g) = -g - 6. Let x be j(-3). What are the prime factors of (-1)/(-3) - 119/x?
2, 5
Let z(c) = -2*c**3 - 7*c**2 - 5*c. Let y be z(-5). Suppose 8*p = 3*p + y. List the prime factors of p.
2, 5
Suppose 38 = 3*o - 2*o. Let k = 8 - 5. Suppose -5*a + 2*d + 20 + o = 0, 0 = -k*a + 2*d + 38. List the prime factors of a.
2, 5
Suppose 5*v + 2*w = 6*w + 1056, 851 = 4*v + 3*w. What are the prime factors of v?
2, 53
Let s(y) = 2*y - y + 9 + 12 - 8. List the prime factors of s(6).
19
Let d(b) = -b**2 + 9*b - 2. What are the prime factors of d(4)?
2, 3
Let p = -20 - 5. Let z = -17 - p. What are the prime factors of z?
2
Let h be 5*-2 - -3 - -2. Let u(o) be the second derivative of -o**3/6 + o**2/2 - o. What are the prime factors of u(h)?
2, 3
Let f = 29 - -11. List the prime factors of f.
2, 5
Let y(n) = n. Let l = -2 + 2. Let d be y(l). Suppose 18 = 3*m - d*m. What are the prime factors of m?
2, 3
Suppose -2*j + 12 = 5*b - 130, -4*j + 4 = 0. List the prime factors of b.
2, 7
Let x(n) = -n**2. Let o(g) = -g**2 + 8*g - 5. Let l be o(7). Let w be x(l). What are the prime factors of 4*(1 - 7/w)?
11
Let a = -76 + 91. What are the prime factors of a?
3, 5
Suppose -3*k + 16 = -k. Suppose 3*d + 2*b + b - 6 = 0, -3*d = -4*b + k. Suppose -j + 0 - 2 = d, 0 = 2*w - 3*j - 10. List the prime factors of w.
2
Suppose -90 = -3*p - 3*s, 3*p + 2*s = -0*p + 86. What are the prime factors of p?
2, 13
Suppose 4*j - 6 = 2*j. Let g be (-116)/6*j/(-2). Let h = -16 + g. What are the prime factors of h?
13
Suppose -3*s + 4 + 8 = 0. Let t = -18 + s. W